*3 - 2*j + 1. Let i be n(1). Let q = 21 - 19. Suppose 0*u - 14 = -2*k - 4*u, 15 = k - q*u. What is the greatest common factor of i and k?
11
Suppose -18*h + 166 = -32. Let x be 3/(2*3/4) - 1. What is the greatest common factor of x and h?
1
Let f(q) = -33*q**3 - 10*q**2 - q + 2. Let j be f(-2). What is the greatest common divisor of 12 and j?
12
Let g(v) be the second derivative of 7*v**3/6 + 14*v**2 - 6*v. Let a be g(8). Calculate the highest common factor of 12 and a.
12
Let k(p) = 14*p**2 + 30*p - 36. Let l be k(6). Calculate the greatest common factor of l and 6.
6
Let s = 505 + -479. Calculate the greatest common divisor of s and 182.
26
Suppose 3*p = -269 + 53. Let a = 104 - p. What is the highest common divisor of 16 and a?
16
Let t be 90 + (-28 - -24)/(1*2). Calculate the greatest common divisor of 11 and t.
11
Let c(r) = -15*r. Let g be c(-1). Let h = -8 + g. Suppose 4*f = 5 + h. What is the greatest common divisor of 1 and f?
1
Let d(w) = 5*w - 145. Let s be d(30). Calculate the greatest common divisor of 80 and s.
5
Let b = 0 - 4. Let i(j) = j**3 + 5*j**2 - 2*j - 6. Let p be i(b). Suppose -3*a + 69 = 4*s, 3*a - 31 - 2 = -2*s. What is the highest common divisor of s and p?
18
Let b be ((-4)/10)/(2*2/(-120)). Suppose 31 = 3*g + 19. What is the greatest common divisor of b and g?
4
Let j be 49/((2 + -5)/(-3) - 0). Calculate the greatest common divisor of 7 and j.
7
Suppose -5*x = 8*z - 7*z - 83, -3*x = 3. Calculate the highest common divisor of 32 and z.
8
Let j(h) = h**2 + 23*h - 18. Let n be j(-24). Calculate the highest common divisor of 48 and n.
6
Let p be ((-6936)/(-39) - 4) + (-4)/(-26). Let k = p + -70. Calculate the greatest common divisor of k and 13.
13
Let z(v) = 5*v**2 - 11*v + 2. Suppose 15 = 2*a + 5. Let i be z(a). Calculate the greatest common factor of i and 9.
9
Let k be (24/(-10) + 0)/((-47)/235). Let c be (12/k - (2 - -1)) + 6. Let j = 6 + -2. Calculate the greatest common factor of j and c.
4
Suppose 118 = 3*g - 7*g - 2*d, d = 5*g + 130. Let y = g + 32. Suppose -y*w + 12 = 2*f, 0*f - 4 = 2*w + 3*f. What is the greatest common factor of 16 and w?
4
Suppose 5*h - 2*l = 5194, 2*h - 1262 = -2*l + 824. What is the highest common factor of 80 and h?
80
Let x be 1153/7 - (-2)/7. Let f = -38 + 53. Calculate the highest common factor of f and x.
15
Suppose 9*z = 5*u + 11*z - 1265, -3*z + 750 = 3*u. What is the greatest common divisor of u and 15?
15
Let m = -1438 + 1938. Calculate the highest common divisor of 30 and m.
10
Let y(g) = 14*g + 32. Let f = -46 - -50. Let h be y(f). What is the greatest common divisor of 8 and h?
8
Let d(p) = p**2 + 15*p - 34. Let f be d(-21). Calculate the highest common factor of f and 23.
23
Suppose 0 = -2*r - 3*p - 12, -4*r + 3*r + 5*p = -20. Suppose r = 2*b + 2*b - 32. Calculate the highest common divisor of 40 and b.
8
Suppose 23 = -33*i + 418 + 331. Let z be (-55)/(-2)*4/5. What is the highest common factor of z and i?
22
Let f(i) = i - 1. Let v be f(-3). Let x be ((-22)/(-33))/(v/6). Let s(t) = -2*t + 3. Let b be s(x). Calculate the greatest common divisor of 2 and b.
1
Let z(u) = u**2 - 5*u - 3. Let r = 74 - 41. Suppose d = 4*d - r. Let x be z(d). Calculate the greatest common factor of 9 and x.
9
Let t(q) = q**3 + 9*q**2 + 6*q - 6. Let w be t(-5). Calculate the highest common divisor of w and 144.
16
Let i be 573/(-21) + (-4)/(-14). Let t = 39 + i. Let p = -22 + 40. Calculate the greatest common factor of p and t.
6
Let r(d) = 19*d**2 + d + 4. Let b be r(-2). Let c = -70 + b. Calculate the greatest common factor of c and 2.
2
Let y = 39 - 18. Let u = 30 - y. Suppose -18*x = -10*x - 48. What is the highest common divisor of x and u?
3
Suppose q = 4*f - 60, -2*f + 3*q + 4 = -f. Let c = 24 + f. What is the greatest common factor of 10 and c?
10
Let c = -20 - -57. Suppose v - 3*y = -6*y + 126, 0 = -2*v - 3*y + 237. Calculate the greatest common divisor of c and v.
37
Let m = -12 - -21. Let j be 9*9 + 27/(-9). Suppose j = 11*q - 21. Calculate the highest common divisor of q and m.
9
Suppose 15*b = 18*b - 75. Let s = 173 - b. What is the highest common factor of s and 37?
37
Let g be 25/(-5) - (-3 + 34*-1). Calculate the highest common factor of g and 288.
32
Suppose 9*m = 1308 + 645. What is the greatest common factor of 7 and m?
7
Let f be 640/(-24)*132/(-55). Calculate the highest common divisor of 10 and f.
2
Let i(g) = -g**3 + 8*g**2 + g - 5. Let c = 6 + 2. Let h be i(c). Suppose 8 = -4*b, 82*b = p + 87*b + 9. What is the greatest common factor of p and h?
1
Let c(l) = 53*l**2 + 2*l - 30. Let q be c(4). Calculate the greatest common divisor of 59 and q.
59
Let o be -2*((-1)/2 + 2). Let y be (o - 2)*(-18)/30. What is the greatest common divisor of 21 and y?
3
Suppose 8*o - 4*a + 6 = 9*o, 4*o - 5*a = 108. Calculate the greatest common divisor of o and 286.
22
Suppose 26 = 3*d + 3*h - 4, 5 = 2*d - 3*h. Suppose -5 = 5*q, 196*q = 2*l + 197*q - 13. What is the highest common divisor of d and l?
7
Let p = -46 + 100. Calculate the highest common factor of 6 and p.
6
Let k(g) = -20*g. Let h be k(-3). Let y(n) = -5*n**3 + 2*n**2 - 34*n - 76. Let u be y(-2). Calculate the highest common divisor of u and h.
20
Let n be 36/(-3*1/(-2)). Let p(z) = -3*z + 14. Let f be p(2). Suppose 13*i - 96 = f. Calculate the highest common factor of i and n.
8
Let r be 2*110/18 + (-20)/90. Suppose -5*u - 2*s + 11 = -0*s, -4*u + 10 = 2*s. Let h = 13 - u. Calculate the greatest common divisor of h and r.
12
Let h be 7381/3 - (-8)/(-24). Calculate the highest common factor of 60 and h.
60
Suppose -1075 = -11*z + 4337. What is the greatest common divisor of z and 24?
12
Let o = 610 + -595. Let z(u) = u**3 + 3*u**2 - 5*u + 1. Let h be z(-4). Calculate the greatest common factor of o and h.
5
Suppose 0 = -2*t + 2*l + 5 + 5, 5 = -2*t - 3*l. Let r be 0 + 1 + (3 - 16). Let m be (8 - t) + r + 10. Calculate the greatest common divisor of 8 and m.
4
Let l be 2558/8 + (-1)/(-4). Let a = 641 - 601. What is the greatest common factor of l and a?
40
Let i = 3 + 2. Suppose 170 = 3*t - m, 5*t + 35 = 6*t + 4*m. What is the highest common divisor of t and i?
5
Suppose 4 - 6 = -g. Suppose -1 = -l, 6 = d - 0*l + l. What is the highest common divisor of d and g?
1
Let r be -3*(-3)/18*2. Suppose -6*u - r = -5*u. Let o be -18*u*(1 + 0). What is the highest common factor of 2 and o?
2
Suppose -m + 508 = 5*v, -3*m + 2117 = m + 3*v. Calculate the greatest common factor of 41 and m.
41
Suppose -132 = 308*q - 314*q. What is the greatest common divisor of 16 and q?
2
Let q = 334 - 958. Let n be q/(-15) + (-2)/(-5). Suppose 0*f = 3*f - 42. Calculate the greatest common factor of n and f.
14
Suppose 79 = -11*w + 189. Calculate the greatest common divisor of w and 340.
10
Let b = -20 + 21. Let o(t) = 111*t**3 + 2*t**2 - 2*t + 1. Let a be o(b). Suppose 5 = -5*d, 0 = -c + d + d + 16. Calculate the highest common divisor of a and c.
14
Let s = -85 - -181. Let v = 35 + -3. What is the highest common factor of v and s?
32
Let k(x) = -x**2 - 17*x - 16. Let f be k(-15). Let z = 387 - 373. Calculate the greatest common factor of f and z.
14
Suppose -z + 3*c - 15 + 78 = 0, -5*c = -3*z + 177. What is the greatest common divisor of z and 513?
27
Suppose -n = 2*n + 144. Let v = 66 + n. Let h be 1 + 1*(0 - -143). Calculate the greatest common divisor of h and v.
18
Let z be 4 - 2868/(-8) - (-2)/4. Calculate the highest common factor of z and 132.
33
Let r be (1 - 31)/(16 - 17). Suppose -r = -5*v - 0*v. Let b be v/((-6)/5)*-7. What is the greatest common factor of 7 and b?
7
Let n = -5 + 5. Suppose 8 = 2*c - 2*x - n*x, 3*x = 6. Suppose 2*h - s = 19 - 7, 2*h + 4*s - 12 = 0. Calculate the highest common divisor of c and h.
6
Suppose 2 = r - 6. What is the greatest common divisor of 1928 and r?
8
Suppose -g + 5 = -3. Suppose 4*q + 0*q = 2*r + g, -5*q = -2*r - 11. Calculate the highest common divisor of 16 and r.
2
Let x be 733 + (15/(-3) - (-9 + 1)). Calculate the highest common divisor of 32 and x.
32
Suppose 0*f + 3*f + 5*o = 86, -o = 4*f - 126. Suppose 3 = -6*v + 291. What is the greatest common divisor of f and v?
16
Let k = 259 + -200. What is the highest common divisor of 118 and k?
59
Let j(n) = 9*n - 187. Let f be j(23). Let y(l) = -l**3 - 4*l**2 + 3*l 